{"id":5,"date":"2023-10-14T14:39:08","date_gmt":"2023-10-14T14:39:08","guid":{"rendered":"https:\/\/stefanroos.se\/?page_id=5"},"modified":"2026-01-18T14:30:55","modified_gmt":"2026-01-18T13:30:55","slug":"hem","status":"publish","type":"page","link":"https:\/\/stefanroos.se\/","title":{"rendered":"Hem"},"content":{"rendered":"\n<h2 class=\"wp-block-heading\">Sajten Brelideros \u00e4r under uppbyggnad. Den har som syfte att bevara, dokumentera och sprida kunskap om sl\u00e4kten Roos historia och historiska h\u00e4ndelser och f\u00f6reteelser, b\u00e5de i d\u00e5tid och nutid, med prim\u00e4r utg\u00e5ngspunkt <br>Sonja och Allan Roos.<\/h2>\n\n\n\n<figure class=\"wp-block-image aligncenter size-large is-resized\"><img loading=\"lazy\" decoding=\"async\" width=\"810\" height=\"1024\" src=\"https:\/\/stefanroos.se\/wp-content\/uploads\/2026\/01\/Brollopsfoto-810x1024.jpg\" alt=\"\" class=\"wp-image-25\" style=\"width:472px;height:auto\" srcset=\"https:\/\/stefanroos.se\/wp-content\/uploads\/2026\/01\/Brollopsfoto-810x1024.jpg 810w, https:\/\/stefanroos.se\/wp-content\/uploads\/2026\/01\/Brollopsfoto-237x300.jpg 237w, https:\/\/stefanroos.se\/wp-content\/uploads\/2026\/01\/Brollopsfoto-768x970.jpg 768w, https:\/\/stefanroos.se\/wp-content\/uploads\/2026\/01\/Brollopsfoto-1216x1536.jpg 1216w, https:\/\/stefanroos.se\/wp-content\/uploads\/2026\/01\/Brollopsfoto-1621x2048.jpg 1621w, https:\/\/stefanroos.se\/wp-content\/uploads\/2026\/01\/Brollopsfoto-scaled.jpg 2026w\" sizes=\"auto, (max-width: 810px) 100vw, 810px\" \/><\/figure>\n\n\n\n<p><\/p>\n","protected":false},"excerpt":{"rendered":"<p>Sajten Brelideros \u00e4r under uppbyggnad. Den har som syfte att bevara, dokumentera och sprida kunskap om sl\u00e4kten Roos historia och historiska h\u00e4ndelser och f\u00f6reteelser, b\u00e5de i d\u00e5tid och nutid, med prim\u00e4r utg\u00e5ngspunkt Sonja och Allan Roos.<\/p>\n","protected":false},"author":1,"featured_media":0,"parent":0,"menu_order":0,"comment_status":"closed","ping_status":"closed","template":"","meta":{"site-sidebar-layout":"default","site-content-layout":"","ast-site-content-layout":"default","site-content-style":"default","site-sidebar-style":"default","ast-global-header-display":"","ast-banner-title-visibility":"","ast-main-header-display":"","ast-hfb-above-header-display":"","ast-hfb-below-header-display":"","ast-hfb-mobile-header-display":"","site-post-title":"","ast-breadcrumbs-content":"","ast-featured-img":"","footer-sml-layout":"","ast-disable-related-posts":"","theme-transparent-header-meta":"","adv-header-id-meta":"","stick-header-meta":"","header-above-stick-meta":"","header-main-stick-meta":"","header-below-stick-meta":"","astra-migrate-meta-layouts":"default","ast-page-background-enabled":"default","ast-page-background-meta":{"desktop":{"background-color":"var(--ast-global-color-4)","background-image":"","background-repeat":"repeat","background-position":"center center","background-size":"auto","background-attachment":"scroll","background-type":"","background-media":"","overlay-type":"","overlay-color":"","overlay-opacity":"","overlay-gradient":""},"tablet":{"background-color":"","background-image":"","background-repeat":"repeat","background-position":"center center","background-size":"auto","background-attachment":"scroll","background-type":"","background-media":"","overlay-type":"","overlay-color":"","overlay-opacity":"","overlay-gradient":""},"mobile":{"background-color":"","background-image":"","background-repeat":"repeat","background-position":"center center","background-size":"auto","background-attachment":"scroll","background-type":"","background-media":"","overlay-type":"","overlay-color":"","overlay-opacity":"","overlay-gradient":""}},"ast-content-background-meta":{"desktop":{"background-color":"var(--ast-global-color-5)","background-image":"","background-repeat":"repeat","background-position":"center center","background-size":"auto","background-attachment":"scroll","background-type":"","background-media":"","overlay-type":"","overlay-color":"","overlay-opacity":"","overlay-gradient":""},"tablet":{"background-color":"var(--ast-global-color-5)","background-image":"","background-repeat":"repeat","background-position":"center center","background-size":"auto","background-attachment":"scroll","background-type":"","background-media":"","overlay-type":"","overlay-color":"","overlay-opacity":"","overlay-gradient":""},"mobile":{"background-color":"var(--ast-global-color-5)","background-image":"","background-repeat":"repeat","background-position":"center center","background-size":"auto","background-attachment":"scroll","background-type":"","background-media":"","overlay-type":"","overlay-color":"","overlay-opacity":"","overlay-gradient":""}},"footnotes":""},"class_list":["post-5","page","type-page","status-publish","hentry"],"_links":{"self":[{"href":"https:\/\/stefanroos.se\/index.php?rest_route=\/wp\/v2\/pages\/5","targetHints":{"allow":["GET"]}}],"collection":[{"href":"https:\/\/stefanroos.se\/index.php?rest_route=\/wp\/v2\/pages"}],"about":[{"href":"https:\/\/stefanroos.se\/index.php?rest_route=\/wp\/v2\/types\/page"}],"author":[{"embeddable":true,"href":"https:\/\/stefanroos.se\/index.php?rest_route=\/wp\/v2\/users\/1"}],"replies":[{"embeddable":true,"href":"https:\/\/stefanroos.se\/index.php?rest_route=%2Fwp%2Fv2%2Fcomments&post=5"}],"version-history":[{"count":5,"href":"https:\/\/stefanroos.se\/index.php?rest_route=\/wp\/v2\/pages\/5\/revisions"}],"predecessor-version":[{"id":29,"href":"https:\/\/stefanroos.se\/index.php?rest_route=\/wp\/v2\/pages\/5\/revisions\/29"}],"wp:attachment":[{"href":"https:\/\/stefanroos.se\/index.php?rest_route=%2Fwp%2Fv2%2Fmedia&parent=5"}],"curies":[{"name":"wp","href":"https:\/\/api.w.org\/{rel}","templated":true}]}}